{"id":1364,"date":"2022-04-20T15:27:14","date_gmt":"2022-04-20T13:27:14","guid":{"rendered":"http:\/\/sidereus.site\/?post_type=tips&#038;p=1364"},"modified":"2024-09-04T11:16:28","modified_gmt":"2024-09-04T09:16:28","slug":"sony-a7s3-sensore-inclinato","status":"publish","type":"grimorio","link":"https:\/\/sidereus.site\/en\/grimorio\/sony-a7s3-sensore-inclinato\/","title":{"rendered":"Perch\u00e9 il sensore della Sony a7S III \u00e8 inclinato?"},"content":{"rendered":"<p>Quando la fotocamera \u00e8 spenta, il sensore di immagine si sposta automaticamente in una posizione che minimizza le sollecitazioni e aiuta a dissipare il calore, proteggendo la durata del sensore di immagine. Quando la fotocamera si accende, il sensore torna alla posizione originale.<\/p><div class=\"wp-block-image\"><figure class=\"aligncenter size-large is-resized\"><img loading=\"lazy\" decoding=\"async\" src=\"https:\/\/sidereus.site\/wp-content\/uploads\/2023\/05\/C009-Sony-alpha-a7S-III-01b-scaled-edited-1024x682.jpg\" alt=\"sensore della Sony a7S III \u00e8 inclinato\" class=\"wp-image-4756\" width=\"394\" height=\"263\" srcset=\"https:\/\/sidereus.site\/wp-content\/uploads\/2023\/05\/C009-Sony-alpha-a7S-III-01b-scaled-edited-1024x682.jpg 1024w, https:\/\/sidereus.site\/wp-content\/uploads\/2023\/05\/C009-Sony-alpha-a7S-III-01b-scaled-edited-300x200.jpg 300w, https:\/\/sidereus.site\/wp-content\/uploads\/2023\/05\/C009-Sony-alpha-a7S-III-01b-scaled-edited-768x512.jpg 768w, https:\/\/sidereus.site\/wp-content\/uploads\/2023\/05\/C009-Sony-alpha-a7S-III-01b-scaled-edited-1536x1024.jpg 1536w, https:\/\/sidereus.site\/wp-content\/uploads\/2023\/05\/C009-Sony-alpha-a7S-III-01b-scaled-edited-826x551.jpg 826w, https:\/\/sidereus.site\/wp-content\/uploads\/2023\/05\/C009-Sony-alpha-a7S-III-01b-scaled-edited-1054x702.jpg 1054w, https:\/\/sidereus.site\/wp-content\/uploads\/2023\/05\/C009-Sony-alpha-a7S-III-01b-scaled-edited-1512x1008.jpg 1512w, https:\/\/sidereus.site\/wp-content\/uploads\/2023\/05\/C009-Sony-alpha-a7S-III-01b-scaled-edited-1360x906.jpg 1360w, https:\/\/sidereus.site\/wp-content\/uploads\/2023\/05\/C009-Sony-alpha-a7S-III-01b-scaled-edited-1148x765.jpg 1148w, https:\/\/sidereus.site\/wp-content\/uploads\/2023\/05\/C009-Sony-alpha-a7S-III-01b-scaled-edited.jpg 1814w\" sizes=\"(max-width: 394px) 100vw, 394px\" \/><\/figure><\/div><p><\/p><h3 class=\"wp-block-heading\" id=\"h-noleggia-i-prodotti-citati-in-questo-articolo\">Noleggia i prodotti citati in questo articolo:<\/h3><div class=\"booqable-product\" data-id=\"sony-a7s-iii-production-kit\"><\/div><div class=\"booqable-product\" data-id=\"sony-a7s-iii\"><\/div><p><\/p><h5 class=\"has-text-align-center wp-block-heading\" id=\"h-non-e-questa-la-soluzione-al-tuo-problema-clicca-qui-e-scopri-altri-articoli-del-grimorio-per-la-tua-sony-a7s-iii\">Non \u00e8 questa\u00a0<a href=\"http:\/\/instagram.com\/sidereus_milano\/?hl=it\">la\u00a0<\/a>soluzione al tuo problema?\u00a0<em><a href=\"https:\/\/sidereus.site\/grimorio-category\/camere\/?_sfm_product=1809-%2C-7095\">Clicca qui<\/a><\/em>\u00a0e scopri altri articoli del Grimorio per la tua Sony a7S III!<\/h5>","protected":false},"excerpt":{"rendered":"<p>Quando la Sony a7S III \u00e8 spenta, il sensore di immagine si sposta automaticamente in una posizione che causa sollecitazioni minime.<\/p>\n","protected":false},"featured_media":0,"template":"","meta":{"_acf_changed":false,"inline_featured_image":false,"ub_ctt_via":""},"grimorio-category":[110],"class_list":["post-1364","grimorio","type-grimorio","status-publish","hentry","grimorio-category-camere"],"acf":[],"yoast_head":"<!-- This site is optimized with the Yoast SEO Premium plugin v25.0 (Yoast SEO v25.0) - https:\/\/yoast.com\/wordpress\/plugins\/seo\/ -->\n<title>Grimorio: Perch\u00e8 la Sony a7S III ha il sensore inclinato?<\/title>\n<meta name=\"description\" content=\"Quando la Sony a7S III \u00e8 spenta, il sensore di immagine si sposta automaticamente in una posizione che causa sollecitazioni minime.\" \/>\n<meta name=\"robots\" content=\"index, follow, max-snippet:-1, max-image-preview:large, max-video-preview:-1\" \/>\n<link rel=\"canonical\" href=\"https:\/\/sidereus.site\/en\/grimorio\/sony-a7s3-sensore-inclinato\/\" \/>\n<meta property=\"og:locale\" content=\"en_US\" \/>\n<meta property=\"og:type\" content=\"article\" \/>\n<meta property=\"og:title\" content=\"Perch\u00e9 il sensore della Sony a7S III \u00e8 inclinato?\" \/>\n<meta property=\"og:description\" content=\"Quando la Sony a7S III \u00e8 spenta, il sensore di immagine si sposta automaticamente in una posizione che causa sollecitazioni minime.\" \/>\n<meta property=\"og:url\" content=\"https:\/\/sidereus.site\/en\/grimorio\/sony-a7s3-sensore-inclinato\/\" \/>\n<meta property=\"og:site_name\" content=\"Sidereus\" \/>\n<meta property=\"article:publisher\" content=\"https:\/\/it-it.facebook.com\/sidereusrental\/\" \/>\n<meta property=\"article:modified_time\" content=\"2024-09-04T09:16:28+00:00\" \/>\n<meta property=\"og:image\" content=\"https:\/\/sidereus.site\/wp-content\/uploads\/2023\/05\/C009-Sony-alpha-a7S-III-01b-scaled-edited-1024x682.jpg\" \/>\n<meta name=\"twitter:label1\" content=\"Est. reading time\" \/>\n\t<meta name=\"twitter:data1\" content=\"1 minute\" \/>\n<script type=\"application\/ld+json\" class=\"yoast-schema-graph\">{\"@context\":\"https:\/\/schema.org\",\"@graph\":[{\"@type\":[\"WebPage\",\"QAPage\"],\"@id\":\"https:\/\/sidereus.site\/en\/grimorio\/sony-a7s3-sensore-inclinato\/\",\"url\":\"https:\/\/sidereus.site\/en\/grimorio\/sony-a7s3-sensore-inclinato\/\",\"name\":\"Grimorio: Perch\u00e8 la Sony a7S III ha il sensore inclinato?\",\"isPartOf\":{\"@id\":\"https:\/\/sidereus.site\/en\/#website\"},\"primaryImageOfPage\":{\"@id\":\"https:\/\/sidereus.site\/en\/grimorio\/sony-a7s3-sensore-inclinato\/#primaryimage\"},\"image\":{\"@id\":\"https:\/\/sidereus.site\/en\/grimorio\/sony-a7s3-sensore-inclinato\/#primaryimage\"},\"thumbnailUrl\":\"https:\/\/sidereus.site\/wp-content\/uploads\/2023\/05\/C009-Sony-alpha-a7S-III-01b-scaled-edited-1024x682.jpg\",\"datePublished\":\"2022-04-20T13:27:14+00:00\",\"dateModified\":\"2024-09-04T09:16:28+00:00\",\"description\":\"Quando la Sony a7S III \u00e8 spenta, il sensore di immagine si sposta automaticamente in una posizione che causa sollecitazioni minime.\",\"breadcrumb\":{\"@id\":\"https:\/\/sidereus.site\/en\/grimorio\/sony-a7s3-sensore-inclinato\/#breadcrumb\"},\"inLanguage\":\"en-US\",\"potentialAction\":[{\"@type\":\"ReadAction\",\"target\":[\"https:\/\/sidereus.site\/en\/grimorio\/sony-a7s3-sensore-inclinato\/\"]}]},{\"@type\":\"ImageObject\",\"inLanguage\":\"en-US\",\"@id\":\"https:\/\/sidereus.site\/en\/grimorio\/sony-a7s3-sensore-inclinato\/#primaryimage\",\"url\":\"https:\/\/sidereus.site\/wp-content\/uploads\/2023\/05\/C009-Sony-alpha-a7S-III-01b-scaled-edited-1024x682.jpg\",\"contentUrl\":\"https:\/\/sidereus.site\/wp-content\/uploads\/2023\/05\/C009-Sony-alpha-a7S-III-01b-scaled-edited-1024x682.jpg\"},{\"@type\":\"BreadcrumbList\",\"@id\":\"https:\/\/sidereus.site\/en\/grimorio\/sony-a7s3-sensore-inclinato\/#breadcrumb\",\"itemListElement\":[{\"@type\":\"ListItem\",\"position\":1,\"name\":\"Home\",\"item\":\"https:\/\/sidereus.site\/en\/\"},{\"@type\":\"ListItem\",\"position\":2,\"name\":\"Grimorio\",\"item\":\"https:\/\/sidereus.site\/en\/grimorio\/\"},{\"@type\":\"ListItem\",\"position\":3,\"name\":\"Perch\u00e9 il sensore della Sony a7S III \u00e8 inclinato?\"}]},{\"@type\":\"WebSite\",\"@id\":\"https:\/\/sidereus.site\/en\/#website\",\"url\":\"https:\/\/sidereus.site\/en\/\",\"name\":\"Sidereus\",\"description\":\"Ready to rent\",\"publisher\":{\"@id\":\"https:\/\/sidereus.site\/en\/#organization\"},\"potentialAction\":[{\"@type\":\"SearchAction\",\"target\":{\"@type\":\"EntryPoint\",\"urlTemplate\":\"https:\/\/sidereus.site\/en\/?s={search_term_string}\"},\"query-input\":{\"@type\":\"PropertyValueSpecification\",\"valueRequired\":true,\"valueName\":\"search_term_string\"}}],\"inLanguage\":\"en-US\"},{\"@type\":\"Organization\",\"@id\":\"https:\/\/sidereus.site\/en\/#organization\",\"name\":\"SIDEREUS\",\"url\":\"https:\/\/sidereus.site\/en\/\",\"logo\":{\"@type\":\"ImageObject\",\"inLanguage\":\"en-US\",\"@id\":\"https:\/\/sidereus.site\/en\/#\/schema\/logo\/image\/\",\"url\":\"https:\/\/sidereus.site\/wp-content\/uploads\/2022\/01\/Group-348.svg\",\"contentUrl\":\"https:\/\/sidereus.site\/wp-content\/uploads\/2022\/01\/Group-348.svg\",\"width\":42,\"height\":22,\"caption\":\"SIDEREUS\"},\"image\":{\"@id\":\"https:\/\/sidereus.site\/en\/#\/schema\/logo\/image\/\"},\"sameAs\":[\"https:\/\/it-it.facebook.com\/sidereusrental\/\",\"https:\/\/www.instagram.com\/sidereus_milano\/\"],\"vatID\":\"IT09929560960\"}]}<\/script>\n<!-- \/ Yoast SEO Premium plugin. -->","yoast_head_json":{"title":"Grimorio: Perch\u00e8 la Sony a7S III ha il sensore inclinato?","description":"Quando la Sony a7S III \u00e8 spenta, il sensore di immagine si sposta automaticamente in una posizione che causa sollecitazioni minime.","robots":{"index":"index","follow":"follow","max-snippet":"max-snippet:-1","max-image-preview":"max-image-preview:large","max-video-preview":"max-video-preview:-1"},"canonical":"https:\/\/sidereus.site\/en\/grimorio\/sony-a7s3-sensore-inclinato\/","og_locale":"en_US","og_type":"article","og_title":"Perch\u00e9 il sensore della Sony a7S III \u00e8 inclinato?","og_description":"Quando la Sony a7S III \u00e8 spenta, il sensore di immagine si sposta automaticamente in una posizione che causa sollecitazioni minime.","og_url":"https:\/\/sidereus.site\/en\/grimorio\/sony-a7s3-sensore-inclinato\/","og_site_name":"Sidereus","article_publisher":"https:\/\/it-it.facebook.com\/sidereusrental\/","article_modified_time":"2024-09-04T09:16:28+00:00","og_image":[{"url":"https:\/\/sidereus.site\/wp-content\/uploads\/2023\/05\/C009-Sony-alpha-a7S-III-01b-scaled-edited-1024x682.jpg","type":"","width":"","height":""}],"twitter_misc":{"Est. reading time":"1 minute"},"schema":{"@context":"https:\/\/schema.org","@graph":[{"@type":["WebPage","QAPage"],"@id":"https:\/\/sidereus.site\/en\/grimorio\/sony-a7s3-sensore-inclinato\/","url":"https:\/\/sidereus.site\/en\/grimorio\/sony-a7s3-sensore-inclinato\/","name":"Grimorio: Perch\u00e8 la Sony a7S III ha il sensore inclinato?","isPartOf":{"@id":"https:\/\/sidereus.site\/en\/#website"},"primaryImageOfPage":{"@id":"https:\/\/sidereus.site\/en\/grimorio\/sony-a7s3-sensore-inclinato\/#primaryimage"},"image":{"@id":"https:\/\/sidereus.site\/en\/grimorio\/sony-a7s3-sensore-inclinato\/#primaryimage"},"thumbnailUrl":"https:\/\/sidereus.site\/wp-content\/uploads\/2023\/05\/C009-Sony-alpha-a7S-III-01b-scaled-edited-1024x682.jpg","datePublished":"2022-04-20T13:27:14+00:00","dateModified":"2024-09-04T09:16:28+00:00","description":"Quando la Sony a7S III \u00e8 spenta, il sensore di immagine si sposta automaticamente in una posizione che causa sollecitazioni minime.","breadcrumb":{"@id":"https:\/\/sidereus.site\/en\/grimorio\/sony-a7s3-sensore-inclinato\/#breadcrumb"},"inLanguage":"en-US","potentialAction":[{"@type":"ReadAction","target":["https:\/\/sidereus.site\/en\/grimorio\/sony-a7s3-sensore-inclinato\/"]}]},{"@type":"ImageObject","inLanguage":"en-US","@id":"https:\/\/sidereus.site\/en\/grimorio\/sony-a7s3-sensore-inclinato\/#primaryimage","url":"https:\/\/sidereus.site\/wp-content\/uploads\/2023\/05\/C009-Sony-alpha-a7S-III-01b-scaled-edited-1024x682.jpg","contentUrl":"https:\/\/sidereus.site\/wp-content\/uploads\/2023\/05\/C009-Sony-alpha-a7S-III-01b-scaled-edited-1024x682.jpg"},{"@type":"BreadcrumbList","@id":"https:\/\/sidereus.site\/en\/grimorio\/sony-a7s3-sensore-inclinato\/#breadcrumb","itemListElement":[{"@type":"ListItem","position":1,"name":"Home","item":"https:\/\/sidereus.site\/en\/"},{"@type":"ListItem","position":2,"name":"Grimorio","item":"https:\/\/sidereus.site\/en\/grimorio\/"},{"@type":"ListItem","position":3,"name":"Perch\u00e9 il sensore della Sony a7S III \u00e8 inclinato?"}]},{"@type":"WebSite","@id":"https:\/\/sidereus.site\/en\/#website","url":"https:\/\/sidereus.site\/en\/","name":"Sidereus","description":"Ready to rent","publisher":{"@id":"https:\/\/sidereus.site\/en\/#organization"},"potentialAction":[{"@type":"SearchAction","target":{"@type":"EntryPoint","urlTemplate":"https:\/\/sidereus.site\/en\/?s={search_term_string}"},"query-input":{"@type":"PropertyValueSpecification","valueRequired":true,"valueName":"search_term_string"}}],"inLanguage":"en-US"},{"@type":"Organization","@id":"https:\/\/sidereus.site\/en\/#organization","name":"SIDEREUS","url":"https:\/\/sidereus.site\/en\/","logo":{"@type":"ImageObject","inLanguage":"en-US","@id":"https:\/\/sidereus.site\/en\/#\/schema\/logo\/image\/","url":"https:\/\/sidereus.site\/wp-content\/uploads\/2022\/01\/Group-348.svg","contentUrl":"https:\/\/sidereus.site\/wp-content\/uploads\/2022\/01\/Group-348.svg","width":42,"height":22,"caption":"SIDEREUS"},"image":{"@id":"https:\/\/sidereus.site\/en\/#\/schema\/logo\/image\/"},"sameAs":["https:\/\/it-it.facebook.com\/sidereusrental\/","https:\/\/www.instagram.com\/sidereus_milano\/"],"vatID":"IT09929560960"}]}},"_links":{"self":[{"href":"https:\/\/sidereus.site\/en\/wp-json\/wp\/v2\/grimorio\/1364"}],"collection":[{"href":"https:\/\/sidereus.site\/en\/wp-json\/wp\/v2\/grimorio"}],"about":[{"href":"https:\/\/sidereus.site\/en\/wp-json\/wp\/v2\/types\/grimorio"}],"wp:attachment":[{"href":"https:\/\/sidereus.site\/en\/wp-json\/wp\/v2\/media?parent=1364"}],"wp:term":[{"taxonomy":"grimorio-category","embeddable":true,"href":"https:\/\/sidereus.site\/en\/wp-json\/wp\/v2\/grimorio-category?post=1364"}],"curies":[{"name":"wp","href":"https:\/\/api.w.org\/{rel}","templated":true}]}}

Perché il sensore della Sony a7S III è inclinato?

<p>Quando la fotocamera è spenta, il sensore di immagine si sposta automaticamente in una posizione che minimizza le sollecitazioni e aiuta a dissipare il calore, proteggendo la durata del sensore di immagine. Quando la fotocamera si accende, il sensore torna alla posizione originale.</p><div class="wp-block-image"><figure class="aligncenter size-large is-resized"><img loading="lazy" decoding="async" src="https://sidereus.site/wp-content/uploads/2023/05/C009-Sony-alpha-a7S-III-01b-scaled-edited-1024x682.jpg" alt="sensore della Sony a7S III è inclinato" class="wp-image-4756" width="394" height="263" srcset="https://sidereus.site/wp-content/uploads/2023/05/C009-Sony-alpha-a7S-III-01b-scaled-edited-1024x682.jpg 1024w, https://sidereus.site/wp-content/uploads/2023/05/C009-Sony-alpha-a7S-III-01b-scaled-edited-300x200.jpg 300w, https://sidereus.site/wp-content/uploads/2023/05/C009-Sony-alpha-a7S-III-01b-scaled-edited-768x512.jpg 768w, https://sidereus.site/wp-content/uploads/2023/05/C009-Sony-alpha-a7S-III-01b-scaled-edited-1536x1024.jpg 1536w, https://sidereus.site/wp-content/uploads/2023/05/C009-Sony-alpha-a7S-III-01b-scaled-edited-826x551.jpg 826w, https://sidereus.site/wp-content/uploads/2023/05/C009-Sony-alpha-a7S-III-01b-scaled-edited-1054x702.jpg 1054w, https://sidereus.site/wp-content/uploads/2023/05/C009-Sony-alpha-a7S-III-01b-scaled-edited-1512x1008.jpg 1512w, https://sidereus.site/wp-content/uploads/2023/05/C009-Sony-alpha-a7S-III-01b-scaled-edited-1360x906.jpg 1360w, https://sidereus.site/wp-content/uploads/2023/05/C009-Sony-alpha-a7S-III-01b-scaled-edited-1148x765.jpg 1148w, https://sidereus.site/wp-content/uploads/2023/05/C009-Sony-alpha-a7S-III-01b-scaled-edited.jpg 1814w" sizes="(max-width: 394px) 100vw, 394px" /></figure></div><p></p><h3 class="wp-block-heading" id="h-noleggia-i-prodotti-citati-in-questo-articolo">Noleggia i prodotti citati in questo articolo:</h3><div class="booqable-product" data-id="sony-a7s-iii-production-kit"></div><div class="booqable-product" data-id="sony-a7s-iii"></div><p></p><h5 class="has-text-align-center wp-block-heading" id="h-non-e-questa-la-soluzione-al-tuo-problema-clicca-qui-e-scopri-altri-articoli-del-grimorio-per-la-tua-sony-a7s-iii">Non è questa <a href="http://instagram.com/sidereus_milano/?hl=it">la </a>soluzione al tuo problema? <em><a href="https://sidereus.site/grimorio-category/camere/?_sfm_product=1809-%2C-7095">Clicca qui</a></em> e scopri altri articoli del Grimorio per la tua Sony a7S III!</h5>

<p>Quando la Sony a7S III è spenta, il sensore di immagine si sposta automaticamente in una posizione che causa sollecitazioni minime.</p>

<!-- This site is optimized with the Yoast SEO Premium plugin v25.0 (Yoast SEO v25.0) - https://yoast.com/wordpress/plugins/seo/ -->
<title>Grimorio: Perchè la Sony a7S III ha il sensore inclinato?</title>
<meta name="description" content="Quando la Sony a7S III è spenta, il sensore di immagine si sposta automaticamente in una posizione che causa sollecitazioni minime." />
<meta name="robots" content="index, follow, max-snippet:-1, max-image-preview:large, max-video-preview:-1" />
<link rel="canonical" href="https://sidereus.site/en/grimorio/sony-a7s3-sensore-inclinato/" />
<meta property="og:locale" content="en_US" />
<meta property="og:type" content="article" />
<meta property="og:title" content="Perché il sensore della Sony a7S III è inclinato?" />
<meta property="og:description" content="Quando la Sony a7S III è spenta, il sensore di immagine si sposta automaticamente in una posizione che causa sollecitazioni minime." />
<meta property="og:url" content="https://sidereus.site/en/grimorio/sony-a7s3-sensore-inclinato/" />
<meta property="og:site_name" content="Sidereus" />
<meta property="article:publisher" content="https://it-it.facebook.com/sidereusrental/" />
<meta property="article:modified_time" content="2024-09-04T09:16:28+00:00" />
<meta property="og:image" content="https://sidereus.site/wp-content/uploads/2023/05/C009-Sony-alpha-a7S-III-01b-scaled-edited-1024x682.jpg" />
<meta name="twitter:label1" content="Est. reading time" />
	<meta name="twitter:data1" content="1 minute" />
<script type="application/ld+json" class="yoast-schema-graph">{"@context":"https://schema.org","@graph":[{"@type":["WebPage","QAPage"],"@id":"https://sidereus.site/en/grimorio/sony-a7s3-sensore-inclinato/","url":"https://sidereus.site/en/grimorio/sony-a7s3-sensore-inclinato/","name":"Grimorio: Perchè la Sony a7S III ha il sensore inclinato?","isPartOf":{"@id":"https://sidereus.site/en/#website"},"primaryImageOfPage":{"@id":"https://sidereus.site/en/grimorio/sony-a7s3-sensore-inclinato/#primaryimage"},"image":{"@id":"https://sidereus.site/en/grimorio/sony-a7s3-sensore-inclinato/#primaryimage"},"thumbnailUrl":"https://sidereus.site/wp-content/uploads/2023/05/C009-Sony-alpha-a7S-III-01b-scaled-edited-1024x682.jpg","datePublished":"2022-04-20T13:27:14+00:00","dateModified":"2024-09-04T09:16:28+00:00","description":"Quando la Sony a7S III è spenta, il sensore di immagine si sposta automaticamente in una posizione che causa sollecitazioni minime.","breadcrumb":{"@id":"https://sidereus.site/en/grimorio/sony-a7s3-sensore-inclinato/#breadcrumb"},"inLanguage":"en-US","potentialAction":[{"@type":"ReadAction","target":["https://sidereus.site/en/grimorio/sony-a7s3-sensore-inclinato/"]}]},{"@type":"ImageObject","inLanguage":"en-US","@id":"https://sidereus.site/en/grimorio/sony-a7s3-sensore-inclinato/#primaryimage","url":"https://sidereus.site/wp-content/uploads/2023/05/C009-Sony-alpha-a7S-III-01b-scaled-edited-1024x682.jpg","contentUrl":"https://sidereus.site/wp-content/uploads/2023/05/C009-Sony-alpha-a7S-III-01b-scaled-edited-1024x682.jpg"},{"@type":"BreadcrumbList","@id":"https://sidereus.site/en/grimorio/sony-a7s3-sensore-inclinato/#breadcrumb","itemListElement":[{"@type":"ListItem","position":1,"name":"Home","item":"https://sidereus.site/en/"},{"@type":"ListItem","position":2,"name":"Grimorio","item":"https://sidereus.site/en/grimorio/"},{"@type":"ListItem","position":3,"name":"Perché il sensore della Sony a7S III è inclinato?"}]},{"@type":"WebSite","@id":"https://sidereus.site/en/#website","url":"https://sidereus.site/en/","name":"Sidereus","description":"Ready to rent","publisher":{"@id":"https://sidereus.site/en/#organization"},"potentialAction":[{"@type":"SearchAction","target":{"@type":"EntryPoint","urlTemplate":"https://sidereus.site/en/?s={search_term_string}"},"query-input":{"@type":"PropertyValueSpecification","valueRequired":true,"valueName":"search_term_string"}}],"inLanguage":"en-US"},{"@type":"Organization","@id":"https://sidereus.site/en/#organization","name":"SIDEREUS","url":"https://sidereus.site/en/","logo":{"@type":"ImageObject","inLanguage":"en-US","@id":"https://sidereus.site/en/#/schema/logo/image/","url":"https://sidereus.site/wp-content/uploads/2022/01/Group-348.svg","contentUrl":"https://sidereus.site/wp-content/uploads/2022/01/Group-348.svg","width":42,"height":22,"caption":"SIDEREUS"},"image":{"@id":"https://sidereus.site/en/#/schema/logo/image/"},"sameAs":["https://it-it.facebook.com/sidereusrental/","https://www.instagram.com/sidereus_milano/"],"vatID":"IT09929560960"}]}</script>
<!-- / Yoast SEO Premium plugin. -->

Grimorio: Perchè la Sony a7S III ha il sensore inclinato?

Quando la Sony a7S III è spenta, il sensore di immagine si sposta automaticamente in una posizione che causa sollecitazioni minime.
